4*q + 48 = 0, -5*q = c - 33 + 6. Suppose -4*t + c = 0, 2103 = 15*n - 12*n - 4*t. List the prime factors of n.
3, 5, 47
List the prime factors of (-24)/84 + ((-54)/90 - 903972/(-70)).
37, 349
Let a = -163 + 159. What are the prime factors of 3*(a/14 - 47232/(-378))?
2, 11, 17
Suppose -c - 3 = 0, -j + 2*c + 46250 = -35867. List the prime factors of j.
157, 523
What are the prime factors of (3/(-12))/((-34541)/6908 + 5)?
11, 157
Let i be ((-4)/(-10))/(2/(-260)). Let h(f) = f + 4. Let a be h(7). Let l = a - i. What are the prime factors of l?
3, 7
Let b(k) = 146*k**2 - k. Let y be b(1). Suppose -3*u + y = 4*v, 3*u - 2*u + 5*v - 30 = 0. Let h = 145 - u. List the prime factors of h.
2, 3, 5
Suppose -2*q = -11 + 175. Suppose 23*t + 3*t = 12*t - 5012. Let l = q - t. List the prime factors of l.
2, 3, 23
Let l be 9*2 - (15 + -15). Let v be 13/2 - (l/(-6))/(-6). Suppose v*d - 3*d - 93 = 0. List the prime factors of d.
31
Let v(z) = -z**2 - 7*z + 7. Let a(p) = -5*p + 52. Let c be a(12). Let g be v(c). List the prime factors of (1274/(-78))/(g*2/12).
2, 7
Let z(l) = l + 15. Let i be z(-11). Suppose -5*k - i*k = 135. Let n = 21 + k. What are the prime factors of n?
2, 3
Suppose 1 = 3*w + 10, -5*w - 12 = c. Let i(b) = 4*b**2 + 20 + 0*b - 8*b**c - 18 - 2*b + 6*b. What are the prime factors of i(-2)?
2, 37
List the prime factors of 407156/14 - (5974/(-203) - -30).
2, 3, 37, 131
What are the prime factors of 262/4*(-22 - (-62 + -4))?
2, 11, 131
Let v(w) = w**3 - 3*w**2 - 10*w + 6. Let x be v(5). What are the prime factors of (-22944)/(-224) + x/(-14)?
2, 3, 17
Suppose 5*m + 3*p = -0*m + 2400, m - p = 472. Let f = m + -167. What are the prime factors of f?
2, 5, 31
Let j be (2 - (-23)/4)/(2/8). Let r = j + -33. What are the prime factors of (-4)/(-18) - (-1814)/18 - r?
103
Let c = 206 - 713. Let b = c - -225. Let d = b + 453. What are the prime factors of d?
3, 19
Suppose -15*b + 54 = 3*b. Suppose -b*k + 2531 - 488 = 0. What are the prime factors of k?
3, 227
Let f(y) = -y**2 + 12*y - 7. Let d be f(11). Let g = d + -72. Let c = 135 + g. List the prime factors of c.
67
Let d = 3 - 19. Let w(p) be the third derivative of -7*p**4/24 - p**3/6 + 5*p**2. List the prime factors of w(d).
3, 37
Let o(z) = 573*z + 7793. List the prime factors of o(110).
70823
What are the prime factors of 83577/(-10 + 13) + -1*3?
2, 1741
Let r = -971 + 16474. What are the prime factors of r?
37, 419
Let p(m) = 168*m**2 + 738*m - 13. List the prime factors of p(-12).
7, 11, 199
Suppose 2*q + 5*p + 267 = -2*q, 0 = 2*q + 4*p + 138. Let k = q + 128. Let j = k - 52. List the prime factors of j.
13
Let o(y) = 5*y**2 - 5*y - 445. Let i(x) = -x**2 + x + 89. Let c(q) = -11*i(q) - 2*o(q). What are the prime factors of c(-17)?
7, 31
Let w = -803 - -803. Suppose 0 = -w*g - 11*g + 15631. What are the prime factors of g?
7, 29
Let p(y) = -2*y**3 + 2*y**2 + y. Suppose -2*o = -10*o - 8. Let g be p(o). What are the prime factors of (-2*10 - g)/((-6)/42)?
7, 23
Let d = 453 - 92. Suppose -2*q - 109 + d = 0. List the prime factors of q.
2, 3, 7
Let a(m) be the second derivative of m**3/3 - 5*m**2 - 23*m. Let h be a(5). Let s(w) = -2*w + 168. What are the prime factors of s(h)?
2, 3, 7
Suppose 2*w + 17 = -3*m - 0*m, w + 4*m = -21. Let v be w + (-4)/((-8)/6). Let c = 109 - v. What are the prime factors of c?
107
Let y be ((-4)/12)/(1/3642). Let i = -794 - y. List the prime factors of i.
2, 3, 5, 7
Let a = 8051 + 2075. What are the prime factors of a?
2, 61, 83
Let f(i) = -388*i + 71. What are the prime factors of f(-7)?
3, 929
Suppose -l + 2607 + 1027 = 2*g, 5*l - 5*g = 18110. Suppose 20*d = 27*d - l. What are the prime factors of d?
2, 7, 37
Suppose 0*x + 1583 = 2*j - 3*x, -4*x - 779 = -j. Let c = j + -252. List the prime factors of c.
547
Suppose 2*r - 12*w + 10*w - 107952 = 0, -5*r = -w - 269848. What are the prime factors of r?
2, 3373
Suppose -137*w = -1562897 - 801586. List the prime factors of w.
3, 11, 523
Suppose 3*w + 0*w = h - 4, -2*h + 3*w = 1. Suppose 0 = -3*i + 3*q - 918, -3*q = 2*i + 555 + 67. What are the prime factors of (-28 - i) + h/(-1)?
3, 5, 19
Suppose 5*u + 2*x - 2318 = 0, -3*x + 248 = -u + 715. What are the prime factors of u?
2, 29
Let a be -212 - (2 + -3 - -5). Let l = 507 + a. List the prime factors of l.
3, 97
List the prime factors of (-5)/(50/(-219560)) + -14 + 7.
47, 467
Let u(l) = -7961*l**3 + 20*l + 19. What are the prime factors of u(-1)?
2, 5, 199
Let f be (-1)/2*4 - 1*-5. Suppose -p - 361 = -3*b, -508 = -b - f*b - 4*p. Let m = 212 - b. What are the prime factors of m?
2, 3, 5
Suppose 60880 = -51*f + 33*f + 26*f. What are the prime factors of f?
2, 5, 761
Suppose 5*r + 1505 = -5*s - 3965, -4*r + 3*s - 4411 = 0. Let n = r + 1720. What are the prime factors of n?
3, 23
Suppose -3*a + 5*a - 2*b = 16, -3*a + 16 = -b. Suppose -j - 5 = 5*o, 0*o = a*o + 3*j + 15. Suppose o = 6*x + 775 - 2347. List the prime factors of x.
2, 131
Let y be (((-100)/(-9))/5)/(2/9). Let f(w) = 3*w**3 - 11*w**2 - 25*w - 28. List the prime factors of f(y).
2, 811
Suppose -f = -4, 0 = 2*w - f - f - 4. Let n be (-1)/w + 6486/36. Suppose 0*l - 2*l = -4*a - 96, 4*l + 4*a - n = 0. What are the prime factors of l?
2, 23
Let k be (-1165)/(-5 + 6 + -7 - -5). Suppose -3*n - 5*v = -k, 7*n - 5*n - 762 = 4*v. List the prime factors of n.
5, 7, 11
List the prime factors of 2/41 - (-16064360)/5330.
2, 11, 137
What are the prime factors of 1565232/120 - (-4)/10?
2, 3, 1087
Suppose -4*n + 7*k + 22932 = 9*k, n - k - 5730 = 0. What are the prime factors of n?
2, 1433
Let j be (-13)/2 - 2/(-4). What are the prime factors of (-87)/(j/20 - 0)?
2, 5, 29
Let h = 110 - 97. Suppose 17*b - 16 = h*b. Suppose -b*r - 132 = -16*r. List the prime factors of r.
11
Let z = -78 + 74. What are the prime factors of 2/z - (-5)/(20/1438)?
359
Let u = -262 + 423. Let c = 69 - u. Let a = c - -155. List the prime factors of a.
3, 7
Let o(p) = 2*p**2 - 23*p + 6. Let i be o(11). Suppose 81 + 9 = -9*b. List the prime factors of (-1016)/(-4) - (-1 + b/i).
11, 23
Let b = -2018 + 6763. List the prime factors of b.
5, 13, 73
List the prime factors of -18 - (-220)/12 - (-21761)/3.
2, 3, 13, 31
Let x(w) = -10*w**2 - 120*w + 12. Let v be x(-12). Let n(h) = 29*h + 131. What are the prime factors of n(v)?
479
Let z(o) = o**3 + 15*o**2 - 21*o - 12. Let r be z(-16). Suppose 4*b - r = 40. What are the prime factors of b?
3
Suppose -14*x + 76*x + 3099 - 46747 = 0. List the prime factors of x.
2, 11
Let h(g) be the third derivative of -g**6/120 + g**5/6 - g**4/8 - 7*g**3/6 + 67*g**2 - g. Let b = -4 + 12. What are the prime factors of h(b)?
97
Let r(f) = 53*f + 40. Let w(v) = 51*v + 40. Let i(s) = -3*r(s) + 2*w(s). List the prime factors of i(-3).
131
Let i = 5 - -8. Suppose -3*z = 2*g - i, 0 = g + 3*z - 8 - 3. Suppose 4*w - g*t + 66 = 5*w, -w + 5*t = -94. What are the prime factors of w?
2, 37
Suppose 0 = -4*a + 3*a + 5*n - 16, -3*a - 5*n + 32 = 0. Suppose -2*b - a*y + 20 + 82 = 0, -5*b - 4*y + 237 = 0. List the prime factors of b.
3, 5
Suppose 7*n - 5*n - 4 = 0. Let q(t) = 4 - 49*t - 3*t**n - 15 - 1. What are the prime factors of q(-15)?
2, 3
Let v be (-3 + (-12)/(-4))*(-2 + 1). Suppose 0 = 5*h - 3*o - 5636, 4*h + 4*o - 5594 + 1098 = v. List the prime factors of h.
2, 563
Let p(l) be the first derivative of l**3/3 + 3*l**2/2 + 18*l - 6. Let q be p(0). Let c = 107 - q. What are the prime factors of c?
89
Let r(u) be the third derivative of u**4/8 + 73*u**3/2 - 6*u**2. Suppose -8*o = -4*o - 2*x - 6, 2*o + 2*x + 6 = 0. What are the prime factors of r(o)?
3, 73
Suppose 446*l + 37800 = 927*l - 457*l. List the prime factors of l.
3, 5, 7
Let t be (6/(-25)*-15)/(18/60). Suppose 3*g - t = 0, -5*s + 8171 = -9*g + 8*g. What are the prime factors of s?
3, 5, 109
Let i(y) = -20*y + 44. Let k be -12 + (2 - 1) + (-1 - 1). List the prime factors of i(k).
2, 19
Let f be (0/(-11))/(-1 - (1 - 0)). Suppose 5*l - 4*z - 1147 = 3833, -2*l - 2*z + 1992 = f. What are the prime factors of l?
2, 3, 83
Let m(q) = 4*q + 133. Let u be m(35). Suppose -u - 2042 = -5*h. What are the prime factors of h?
463
Suppose 0*s - 3*s + 7 = -n, -13 = -5*n + 3*s. Suppose 25 = 5*x, 6*h - h + n*x = 30. Suppose 5*c + 3*i = 23, -c + 2*i + 16 = h. List the prime factors of c.
7
Let g be (-9)/(-6) + (-9)/